2 - 6*m - 6. Let z be d(0). Let b(t) = -25*t - 157. Determine b(z).
-7
Let a(n) be the third derivative of -1/6*n**3 - 1/6*n**5 + 0 + 0*n**4 + 0*n - 2*n**2. Suppose -1004 = 9*t - 1013. Calculate a(t).
-11
Suppose -81 = -26*l + 7*l - 24. Let k(p) be the second derivative of 0 - 3/2*p**2 - 1/12*p**4 + 4*p - 1/3*p**l. Determine k(-2).
-3
Let l(v) = 2*v**3 - v**2 - v - 3. Let q(z) = 5*z**3 + 3*z**2 + 2*z - 5. Let y(b) = 2*l(b) - q(b). Let j = 0 - 4. What is y(j)?
-1
Let z = -86 + 91. Suppose z*y - 35 = 25. Let t(v) = -1 + 2 + 2*v + 4*v**3 + v**2 + y*v**3 - v**3. What is t(-1)?
-15
Suppose -2*f + 2*p - 19 = p, f - 8 = 4*p. Let u(g) = 2*g**3 + 24*g**2 + g + 15. Determine u(f).
3
Let r be (-3 + 2)*(0 - -6). Let g(l) = -166*l**3 + 37*l**2 + 21*l + 66. Let m(k) = 39*k**3 - 9*k**2 - 5*k - 16. Let v(i) = -4*g(i) - 17*m(i). Determine v(r).
-34
Let z(c) = -c**2 + 45*c - 110. Let s(u) = 2*u**2 - 89*u + 223. Let x(w) = -4*s(w) - 7*z(w). Give x(3).
-8
Let b = 38 + -44. Let z(c) = 2*c + 17. Let d(t) = -5. Let g(n) = 4*d(n) + z(n). What is g(b)?
-15
Let g(a) be the first derivative of -11*a**2/2 - 41*a - 2969. What is g(-10)?
69
Let q(j) be the third derivative of j**5/10 + 13*j**4/8 + 5*j**3/3 + 2*j**2 - 3*j - 164. Give q(-6).
-8
Let k(u) = -235*u + 16 + 338*u - 116*u + 5*u**2 - 4*u**2. Determine k(12).
4
Let t = 9434 - 9433. Let d(x) = 37*x - 41. Determine d(t).
-4
Let i = 1 - 0. Let t(v) = -2*v**2 - v + 269. Let m(g) = -11*g**2 - 5*g + 1075. Let n(p) = m(p) - 4*t(p). Determine n(i).
-5
Let v(z) = -z**2 - 9*z - 9. Let d = 500 + -471. Suppose 4*y - 5 = -d. Determine v(y).
9
Let q(d) = -d**3 - 6*d**2 - 2*d - 8. Let k(h) = h**3 + 2*h**2 - 19*h - 2. Let i be k(4). Suppose -10*a + f = -5*a + 30, f = 3*a + i. Calculate q(a).
4
Suppose -2*i = -5 + 1. Suppose -2 = -c + i*c. Let n be ((1/c)/1 + -2)*2. Let k(v) = 2*v**2 + 6*v - 6. Give k(n).
14
Let l(b) = b**3 + 11*b**2 + 9*b - 24. Let q be l(-10). Let s(w) = 6*w - 123 + 275 - w - 126 - 3*w. What is s(q)?
-2
Let j(b) = -b**3 - 2*b**2 - 1. Suppose 270 = 2*x - 8*s + 4*s, -4*x = -3*s - 520. Let z = -129 + x. Give j(z).
-1
Suppose 14 = 3*a + 2. Suppose 0 = 2*p + a*v + 8, 3*p = 5*v + 25 + 7. Let b(n) = p*n + 3 - n + 0*n - n. Determine b(-6).
-9
Let b(o) = o**3 - 8*o**2 + 3*o - 8. Let l be (38 - 39 - 0) + (0 + -1)*-9. What is b(l)?
16
Let m(x) = -14*x + 16. Let n(v) = -7*v + 8. Let h(r) = 3*m(r) - 7*n(r). Suppose -219944 = 8*z - 219912. Give h(z).
-36
Let i(x) be the third derivative of -x**6/360 + x**5/120 + 7*x**4/24 + 61*x**3/2 - 8*x**2 + 2*x. Let b(s) be the first derivative of i(s). Give b(-3).
-5
Suppose -k - 5 = -6*k. Let l be (-868)/140 - (1/k)/(-5). Let q be (-580)/50 - l/10. Let j(t) = -2*t - 7. Give j(q).
15
Let t(r) = 7*r**3 + 9*r**3 + 1 - 6 + 8*r**3 - 6*r - 23*r**3 - 5*r + 9*r**2. Let q be 5/(10/(-24)) + 2. What is t(q)?
5
Let z(b) = b**3 + 28*b**2 + b + 8. Let l be z(0). Let k(a) = a**3 - 8*a**2 - 17*a + 142. Give k(l).
6
Let w = -22365 + 22351. Let b(a) = -2*a**3 - 25*a**2 + 41*a - 13. Determine b(w).
1
Let v(h) be the first derivative of 62 - 2*h + 9/2*h**2. Calculate v(1).
7
Let f(t) = -t - 8. Let c be (-6)/21 - 10/14. Let a(v) = -33*v**2 - v**3 + 59*v**2 - 29*v**2 - 5*v + 3*v + 0*v**3. Let g be a(c). Calculate f(g).
-8
Let q(u) be the first derivative of 1/2*u**2 - 83 + 5*u. Let v(t) = -t**3 + 8*t**2 - 3. Let p be v(8). Give q(p).
2
Let u(v) be the second derivative of -v**4/6 - v**3/6 - v**2/2 + 118*v. Let w(h) = -5*h**2 - 7*h - 3. Let m(t) = 2*u(t) - w(t). Calculate m(-4).
-3
Let h be ((-1)/1*1)/((-1)/2). Let r be (-3)/(-2)*(1 - -9)*h. Let n = -35 + r. Let x(q) = -3*q - 6. Determine x(n).
9
Let j(v) = 188 - 183 + 4*v**2 + 2*v**2 - v**3. Let n be j(6). Let r(d) = 7*d + 4. Let c(o) = -4*o - 5. Let q(p) = 3*c(p) + 2*r(p). Calculate q(n).
3
Let f(z) = z**3 - 5*z + 2. Suppose 72*v + 211 = -5. Calculate f(v).
-10
Let t = -3 - -7. Suppose 3*v - 6 = -4*p, -2*p - 4*v = -p + 5. Let m(s) = -2*s**p - s - 5 - 3*s**3 - 7*s - 6*s**2 + t*s**3. Calculate m(-5).
10
Let k(t) = -t**2 + 2*t + 32. Let d(w) = w**2 + 2*w - 75. Let n be d(-10). What is k(n)?
17
Let w(f) be the second derivative of f**5/10 + 2*f**4/3 - f**3/6 - 4*f**2 + 402*f - 3. Give w(-4).
-4
Let s(c) = -2*c**3 - 37*c**2 - 7*c + 37. Let j be s(-19). Let f = j - 553. Let i(y) = -2*y - 44. What is i(f)?
0
Let y(d) = d**2 - 6*d - 5. Let r be y(7). Let w(a) = a**3 - 3*a - a + 4*a**r - 7 - 2*a. Suppose 0 = -8*l - f - 46, -2*f - 10 = -2*l - 8. Determine w(l).
-2
Let r(g) = g**3 + 24*g**2 + 39*g + 11. Let u(k) = 3*k - 70. Let j be u(16). Let l be r(j). Let o(h) = 7 + l*h - 62*h - 67*h - h**3 + 7*h**2. What is o(5)?
17
Let j(i) = -23*i - 17. Let f(t) = 8*t + 5. Let u(x) = -7*f(x) - 2*j(x). Let q = -3263 + 3260. Calculate u(q).
29
Suppose -3*b = 2*d - 389, 5*b + 7*d - 5*d = 643. Let t = -124 + b. Let n(p) = -12*p + 4. Give n(t).
-32
Let a(q) be the second derivative of q**4/6 - 5*q**3/3 + 9*q**2/2 + 9*q. Let c = 2685 - 2678. Give a(c).
37
Let z(t) = -6*t - 156. Let w(f) = 15*f + 306. Let b(p) = 3*w(p) + 5*z(p). Calculate b(-10).
-12
Let g(l) = -7*l - 52. Let f(a) = -6*a**2 + 309*a - 161. Let t be f(51). What is g(t)?
4
Suppose 0 = -5*w + 3 + 7. Let r(t) = 353*t**3 + 6*t**w + t**2 - 354*t**3 - 5*t. Suppose 2*a + 3 = -p + 17, -3*p - a = -22. Give r(p).
6
Let r(n) be the third derivative of 3*n**6/40 + n**5/60 + n**4/24 + n**3/6 + 21*n**2 + 3*n. Let x be -8*7/(-56) - 2. Determine r(x).
-8
Let q(u) = -u + 17. Let t be q(5). Suppose 9*l - 2*l - 14 = 0. Suppose l*a + 2*a = t. Let p(r) = r**3 - 2*r**2 - 2*r + 1. Determine p(a).
4
Suppose 11*u = 6*u + 35. Let g(w) = 1 - w + u + w**2 + 3 - 5. Suppose 4 = -4*i, 4*x - 4*i = 7*x + 4. Give g(x).
6
Let x(u) be the second derivative of -23 - 3/2*u**2 - 4*u + u**3. What is x(4)?
21
Let j(w) = -16*w**2 + 4*w**2 + 11*w**2 + 2. Suppose -4*r = -g - 10, 1039*r = -3*g + 1042*r - 12. Give j(g).
-2
Let z(y) = -y**2 - 5*y + 4. Suppose 0 = 4*q + 2*q - q. Suppose -10 = 2*h - q. Let n = h - 1. Give z(n).
-2
Let r(c) = c**3 - 5*c**2 - 1. Let d be 88/(-20) + 4 + 473/(-5). Let j = d + 98. Determine r(j).
-19
Let i(n) = -n + 5. Suppose 79*h - 76*h = 120. Let y be 3/(-2 + 86/h). Suppose 4*a - 4 - y = 0. Calculate i(a).
-1
Let a = -3346 - -3352. Let d(v) = -3*v**2 + 15*v + 20. Give d(a).
2
Let t(s) = -9*s + 2 - 4*s - s + 13*s. Let j(y) = -y. Let c(d) = -2*d - 9. Let x(g) = -c(g) + 6*j(g). Let w(a) = -9*t(a) + 2*x(a). Give w(-2).
-2
Suppose -44*h - 134455 - 74237 = 0. Let l be h/510 + (-6)/(-20). Let x(b) = -b**2 - 11*b - 8. Calculate x(l).
10
Let g be (-3)/(-9) - 75/9. Let s be g/(-12) + 29/(-3). Let j(z) = -2*z**2 - 18*z + 8. Let m be j(s). Let p(y) = -y - 4. Determine p(m).
-12
Let t = -3 + -5. Let u(g) = -238 - g - 235 - 235 - 237 + 939. Calculate u(t).
2
Let u be 13*(4 + -3 - 0). Suppose -11*c - 2 = -u*c. Let t(d) = -5 - c + 0 - 3*d + 1. Calculate t(-4).
7
Let o(v) be the first derivative of -5*v**4/4 - 7*v**3 - 3*v**2 - 17*v - 6206. Give o(-4).
-9
Let n(d) = d**3 - 4*d**2 + 3*d. Suppose 4*c - 48 = -5*f, 4*c + 19 = 4*f - 5. Let u be (f + -1 - 4)*1. What is n(u)?
0
Suppose 8 = -2*i, 0*d = -3*d - 5*i - 11. Suppose -6*w + 13 = 1. Let h(x) = -287*x**3 + 286*x**3 - 4 + 3*x**w + x - 4*x. Give h(d).
-13
Let n(z) = 3*z**3 + z**2 + 2*z + 1. Let b(l) = 3*l**2 - 8*l + 9. Let u be b(5). Let f = 43 - u. Determine n(f).
-3
Let n be (-15)/(-9) - (-3)/9. Let z(x) = 22*x - 9*x + x**n + 3 - 5 - 9*x. Let k(i) = -i**3 - 4*i**2 + 2*i + 10. Let d be k(-3). Determine z(d).
3
Let a(w) = -2 - 277*w - 10 + 276*w + 0. Let v = 41 + -32. Suppose -f + 14 = -3*y - v, -4*f = -8. What is a(y)?
-5
Let l(o) = o**2 + 2*o - 32. Let b(w) = -364*w + 5101. Let t be b(14). Determine l(t).
3
Let c(j) = 91*j - 1005. Let u be c(11). Let z(x) = -8*x - 3. Let l be (-5)/4 + (-2)/(-8). Let q(a) = a + 1. Let v(r) = l*z(r) - 6*q(r). Give v(u).
-11
Let h(q) = 3*q + 10. Let m = -193 + 190. Give h(m).
1
Suppose 707*d - 711*d = 24. Let j(q) = -8*q - 45. Give j(d).
3
Let s(t) = t**3 + 7*t**2 + 6*t + 5. Let x = -48 - -52. Let z be (x - 4)/2 - 4. Give s(z).
29
Let u(a) = -4*a - 2. Let k be (-2)/10*-2*10. Suppose -b = 4*q + 13, 4*b - k*q = -9 + 37. Determine u(b).
-14
Let q(c) = -2*c**3 + 6*c**2 + 18*c + 16. Let k be -1*1 + 48*23/184. Determine q(k).
6
Let i(t) = t**3 + t**2 - 3. Let m be -9 - (-98)/4